 + 4. Let o(y) = 3*d(y) - 2*i(y). Suppose -9 - 6 = 3*r. Is o(r) prime?
False
Suppose 4*f = z - 3*z + 40, 0 = f + z - 8. Suppose 8939 = f*j - 8413. Let m = j - -383. Is m a composite number?
True
Let n = 2768 + -1943. Suppose -n = -4*f + 4619. Is f a composite number?
False
Let o be (5/15)/(348/(-117) - -3). Suppose -82088 = -o*a + 5*a. Is a composite?
True
Suppose 18*i + 28960 - 485260 = 0. Suppose -3*w - 13*p + 15*p = -25353, -3*p = -3*w + i. Is w a prime number?
False
Let m be -5 - (0 + -1)/(11 + -12). Is (21/((-189)/m))/((-2)/(-44097)) composite?
False
Let x = 4547 - -992. Let c = x - 3896. Is c a prime number?
False
Let h(j) = j**3 + 2*j**2 - 18*j - 18. Let i be h(-4). Suppose -i*f + 15*f + 32914 = 0. Is f a prime number?
False
Let m(o) = -15919*o - 91. Let c be m(-4). Let j = -35266 + c. Is j a composite number?
False
Let c = -44 + 44. Suppose 2*n - 4749 = 5*z, -4*z + c - 12 = 0. Let g = n - 1006. Is g composite?
False
Suppose 0 = -60*l - 67*l + 1695323. Is l prime?
False
Suppose 0 = 2*l - 16 + 6. Is (3527/(-3))/(l/(-15)*1) a composite number?
False
Suppose -4*m - 2*h + 356 = 0, -4*h = 4*m + h - 344. Suppose x + 0 = 5, 2*i - 3*x = m. Suppose -54*n + i*n = -161. Is n composite?
True
Let w be (498/24)/(2 + 924/(-464)). Let o = w + 2322. Is o composite?
False
Let q(j) = 2*j**3 - 26*j**2 + 23*j + 46. Suppose -244 = -13*a - 23. Is q(a) a composite number?
False
Suppose 0 = 68*j - 58*j - 552290. Is j a composite number?
False
Let r be 1494/(-10) - (-14)/35. Let g(l) = -262*l + 4. Let z be g(2). Let k = r - z. Is k a composite number?
True
Let i = 12 - 6. Let v be 30/10*10208/i. Suppose 0 = -5*r - 25, 0*b - 4*r - v = -4*b. Is b a prime number?
False
Is (54/135)/((-8)/(-10))*125494 a prime number?
False
Suppose 102233010 = -108*u + 438*u. Is u a composite number?
False
Let g(m) = m**3 + 24*m**2 - 12*m + 11. Let i be g(-14). Let t = i + -802. Is t a prime number?
False
Let v = 6 + -6. Let p(z) = -2*z**2 + 8*z + 1007. Is p(v) a prime number?
False
Suppose -2*k + 4 = 2*j, 0*j + 8 = k - j. Suppose -k*q + 44971 = 4*a, 0 = 5*a + 30*q - 31*q - 56250. Is a a composite number?
True
Suppose 2*g - 31 + 43 = 0. Let x(t) = 31*t**2 + 13*t + 6. Let s be x(g). Suppose u = -l + 579, 3*u = -2*l + s + 110. Is l a prime number?
False
Suppose -421997 = -5*k - 4*j, -2*k + 70*j + 168800 = 71*j. Is k a prime number?
True
Let n be (1 - 14/8)*(1 - 13). Let m(g) = 31*g - 34*g - 2 + n*g**3 + 5. Is m(2) prime?
False
Suppose v + 3*v - 440 = -2*x, 4*x - 880 = -5*v. Let f be ((-10)/20)/((-3)/5634). Let m = f + x. Is m prime?
False
Let g(i) = i**2 - 3*i - 24. Let n be g(7). Suppose 0 = 3*y + n*s - 10, -4*s - s = -2*y - 1. Suppose 0 = -2*u + y*v + 356, 0*u + 2*v = u - 179. Is u prime?
False
Let v(k) = -2*k**3 - 9*k**2 - 4*k - 10. Let y be v(-7). Let f = y + -93. Let p = f + -9. Is p a composite number?
True
Let y = 178 - 175. Let w = 1788 + -1196. Suppose 2 = 2*u, 2*x - 3*u = -y*x + w. Is x composite?
True
Let q(x) = -x**3 + 9*x**2 - 10*x + 3. Let m(t) = t**3 - 11*t**2 - 13*t + 14. Let h be m(12). Suppose h = -4*z + 22. Is q(z) prime?
True
Let z = 2102510 + -900963. Is z a composite number?
True
Suppose -11*n + 14*n = 0. Suppose -17*w - 17*w + 12886 = n. Is w a composite number?
False
Suppose 144*o = 147*o + 25338. Let n = -5003 - o. Is n prime?
False
Let s(d) = 13*d**2 + d + 4. Let l be s(-2). Suppose -4*y = 12, 2*f = 3*y - y + l. Is 4/(-6) + 102376/f composite?
True
Let l(c) = 30*c**2 + 38*c + 150. Is l(-22) a composite number?
True
Let q(x) be the third derivative of 0 - 2*x**3 + 0*x - 15*x**2 + 1/120*x**6 - 3/20*x**5 + 5/8*x**4. Is q(15) prime?
False
Let t = -16 - -31. Let a be (-10 - 0)*468/t. Is 6*5/15 - a a prime number?
False
Let u be 52/65*(4 - -1). Suppose -b + 4*i - 48 = 0, 7*i - 3*i = u*b + 156. Is 921/12*b/(-9) a composite number?
False
Let n(c) = 27185*c - 597. Is n(10) composite?
False
Suppose 31*y - 348427 = 614340. Is y a prime number?
False
Suppose 48 + 16 = 8*a. Suppose -a*n = -56 - 368. Is n composite?
False
Suppose 10 = 2*s, 36*d - 34*d + 3*s - 89617 = 0. Is d a prime number?
False
Let p(h) = 299582*h + 205. Is p(1) a prime number?
False
Suppose -d = 2*x - 1150, -x + 2*d = -3*x + 1152. Let j = x - -4283. Is j a prime number?
False
Let m = -244049 - -365206. Is m a composite number?
False
Let i(w) = 8996*w + 253. Is i(5) prime?
True
Let t = 151 + -141. Suppose 0 = t*z - 4*z - 44886. Is z a prime number?
True
Let d = -4 - -8. Suppose 23*h - 10480 - 8725 = 0. Suppose x + n - 636 = -2*x, -3*n - h = -d*x. Is x a prime number?
True
Let x = 157583 + 92484. Is x composite?
True
Is ((-23921)/152*-22)/((-2)/(-8)) a composite number?
True
Let o(j) be the first derivative of 574*j**2 - 219*j - 93. Is o(9) prime?
False
Let v(c) = -217*c + 6. Suppose 2*b - 2*z = -28, 2*b + 2*z + 3 + 5 = 0. Let q = -14 - b. Is v(q) a prime number?
True
Let h(j) = -j**3 + 21*j**2 - 20*j + 2. Let f be h(20). Suppose 5117 = f*n - 6*i + i, 0 = 5*n - 3*i - 12821. Is n a prime number?
False
Suppose 745018339 = -2*c + 98*c + 437*c. Is c a composite number?
False
Suppose -17*a = 134*a - 12323234 - 6505409. Is a a composite number?
False
Let i = -21767 - -56350. Is i prime?
True
Let x(s) = -14668*s + 693. Is x(-2) a prime number?
True
Suppose 53*y - 7506828 = -199*y. Is y composite?
False
Suppose -352403 = -137*w - 27576. Is w a prime number?
True
Let b be 39/(-45) - 1 - 2/15. Let j be (b - -1) + -7 + 5. Is 3/((-3)/717*j) a composite number?
False
Let x = 956 - 1192. Is x/177 + 22525/3 a prime number?
True
Suppose 253550 + 27730 = 30*b. Suppose -84*g + 68*g + b = 0. Is g a prime number?
False
Is -6 + 1*-126515*84/(-140) prime?
False
Let y(b) = 381*b + 96. Let t be y(-30). Let a = -6133 - t. Is a composite?
True
Let b = 286675 + 102148. Is b a prime number?
True
Suppose 11*j + 33 = -44. Is (-3)/(j + (-125792)/(-17972)) composite?
False
Let g(w) be the third derivative of w**5/60 - 7*w**4/24 + 31*w**3/6 - 4*w**2 - 17*w. Is g(28) a composite number?
False
Suppose 10*r + 12747 + 593 = 0. Let m(y) = 1042*y + 7. Let z be m(3). Let h = z + r. Is h prime?
False
Let o = -122 - -224. Suppose -o*c = -103*c + 5. Suppose 0 = -4*h - q + 976 + 547, 0 = -c*q - 5. Is h a composite number?
True
Let s(p) = 737*p**2 - 5*p + 1. Let w(m) = -m**2 + 9*m + 7. Let o be w(10). Let h(x) = -736*x**2 + 5*x - 2. Let u(t) = o*s(t) - 4*h(t). Is u(2) a prime number?
True
Let h(y) = -53*y**3 + 14*y**2 + 7*y + 107. Is h(-10) prime?
True
Suppose 0 = 10*p + 9 + 1. Let k be (2 + 4316/14)/(p/7). Is (19 - 20)*(k - 2)/2 a composite number?
False
Let b(w) = 3*w**2 + 39*w - 9. Let m be b(-13). Is 25194/18 + 6/m prime?
True
Suppose -4*y + 4*u + 956 = -536, -2*y + 761 = -5*u. Suppose -4*l + 32046 = 2*p, -l = 4*p - 64495 + y. Is p composite?
False
Let b = -22 + 24. Let l(f) = 4 - 3*f - 3 - 4*f**2 + 16*f**3 - 1 + b. Is l(3) a prime number?
True
Let m = -1399264 + 2254595. Is m a composite number?
False
Let m be 1792/182 + 2/13. Let l(s) = -523*s + 6 - 122*s - m. Is l(-1) a prime number?
True
Suppose 3*p = -4*u, -3*p + 0*u + 18 = -2*u. Is 6 - 2 - p/(24/(-14910)) prime?
False
Let p(v) = -232*v**3 + 2*v**2 + 5*v - 7. Let g be p(2). Let d = g - -3214. Is d composite?
True
Suppose 41527*m = 41487*m + 11757640. Is m prime?
True
Suppose 0 = 47*k - 49*k - 4*p + 919498, -2*p = -2*k + 919498. Is k a composite number?
False
Let h(m) = -m - 1. Let x(j) = -1400*j + 11. Let w(f) = 3*h(f) - x(f). Is w(3) composite?
False
Suppose 0 = 5*j - q - 143186, 0 = 5*j + 5*q - 115575 - 27605. Suppose 4*r - 4*b - j - 37571 = 0, -r = 2*b - 16537. Is r a composite number?
False
Suppose 46 = 3*h + 37. Suppose -h*o + 15 = 5*t, 2*o + 2*t + 15 = 5*o. Suppose o*x + 3*s - 811 = -0*x, x = 2*s + 157. Is x prime?
False
Let d = 202997 - 113370. Is d prime?
True
Suppose -2*q = -4*i - 183330 + 1160806, 0 = -3*i + 5*q + 733121. Is i a prime number?
True
Suppose 0 = -4*y + 36, 453647 = 2*f - 2*y - 567393. Is f prime?
True
Let p(b) = 173*b**2 + 15*b + 15. Let s be p(10). Let i = 3923 - s. Is ((-48)/(-10) - 4) + i/(-10) a prime number?
False
Suppose 2*r - 2*m - 775670 + 52292 = 0, -3*m - 361679 = -r. Is r composite?
True
Let v(w) = -121*w - 12. Let h(f) = -f**2 + 6*f - 8. Let b be h(6). Let c be v(b). Suppose 0 = 16*s - 12*s - c. Is s a prime number?
True
Let y = 576 + -577. Is y - -16